{"id":56,"date":"2024-01-04T20:04:27","date_gmt":"2024-01-04T20:04:27","guid":{"rendered":"https:\/\/musictogethersilvercoast.pt\/?page_id=56"},"modified":"2026-04-12T23:14:08","modified_gmt":"2026-04-12T22:14:08","slug":"about-us","status":"publish","type":"page","link":"https:\/\/musictogethersilvercoast.pt\/pt\/about-us\/","title":{"rendered":"Ol\u00e1!"},"content":{"rendered":"<div class=\"et_pb_section_0 et_pb_section et_section_regular et_block_section\"><div class=\"et_pb_row_0 et_pb_row et_block_row\"><div class=\"et_pb_column_0 et_pb_column et_pb_column_4_4 et-last-child et_block_column et_pb_css_mix_blend_mode_passthrough\"><div class=\"et_pb_post_title_0 et_pb_post_title et_pb_bg_layout_light et_pb_module et_block_module\"><div class=\"et_pb_title_container\"><h1 class=\"entry-title\">Ol\u00e1!<\/h1><\/div><\/div><\/div><\/div><div class=\"et_pb_row_1 et_pb_row et_block_row\"><div class=\"et_pb_column_1 et_pb_column et_pb_column_3_5 et_block_column et_pb_css_mix_blend_mode_passthrough\"><div class=\"et_pb_text_0 et_pb_text et_pb_bg_layout_light et_pb_module et_block_module\"><div class=\"et_pb_text_inner\"><p><span>A Music Together Silver Coast oferece \u00e0s fam\u00edlias jovens uma pausa semanal preciosa: um programa de m\u00fasica alegre e baseado em investiga\u00e7\u00e3o, numa tenda sino [or charmosa] acolhedora rodeada pela natureza, onde os pais redescobrem a alegria da m\u00fasica juntamente com os seus filhos, criando mem\u00f3rias duradouras e construindo uma comunidade de apoio.<\/span><\/p>\n<p>A In\u00eas fundou o nosso centro Music Together depois de participar nas aulas com os pr\u00f3prios filhos, enquanto vivia em Zurique, na Su\u00ed\u00e7a. Eles divertiam-se imenso a cantar e a dan\u00e7ar juntos todas as semanas! As mem\u00f3rias criadas para toda a fam\u00edlia permaneceram, e foi claro o benef\u00edcio para o desenvolvimento das crian\u00e7as e o fortalecimento dos la\u00e7os familiares. Ap\u00f3s mudar-se para Portugal, decidiu que queria trazer a magia do Music Together para as crian\u00e7as e fam\u00edlias daqui tamb\u00e9m.\u00a0<\/p>\n<p>Para isso, a In\u00eas fez a Forma\u00e7\u00e3o de Professores e tornou-se uma Professora Certificada de Music Together, trabalhando com a Music Together\u00ae para estabelecer o seu centro licenciado, Music Together\u00ae Silver Coast. <span>Music Together\u00ae Silver Coast.\u00a0<\/span><\/p>\n<p>Petru is the great partner, in life, at home, and in Music Together. While Petru isn't a teacher (yet!), he manages all the infrastructure, confidence, advice, ideas, photographs and so much more!<\/p>\n<p>Our children are the beta testers, the merciless Music Together fans and - who knows - maybe they will be Music Together teachers one day!<\/p>\n<p><span>Music Together\u00ae Silver Coast<\/span>foi lan\u00e7ada na primavera, em mar\u00e7o de 2024, oferecendo aulas durante a semana, aulas de manh\u00e3 e aos fins de semana.\u00a0<\/p>\n<p>Junte-se a n\u00f3s para uma sess\u00e3o e descubra se o nosso programa \u00e9 o ideal para si e<br \/>para a sua fam\u00edlia!<\/p>\n<\/div><\/div><\/div><div class=\"et_pb_column_2 et_pb_column et_pb_column_2_5 et-last-child et_block_column et_pb_css_mix_blend_mode_passthrough\"><div class=\"et_pb_image_0 et_pb_image et_pb_module et_block_module\"><span class=\"et_pb_image_wrap\"><img loading=\"lazy\" decoding=\"async\" src=\"https:\/\/musictogethersilvercoast.pt\/wp-content\/uploads\/sites\/12\/2024\/01\/Petru-and-Ines.jpg\" width=\"500\" height=\"636\" srcset=\"https:\/\/musictogethersilvercoast.pt\/wp-content\/uploads\/sites\/12\/2024\/01\/Petru-and-Ines.jpg 500w, https:\/\/musictogethersilvercoast.pt\/wp-content\/uploads\/sites\/12\/2024\/01\/Petru-and-Ines-480x611.jpg 480w\" sizes=\"(min-width: 0px) and (max-width: 480px) 480px, (min-width: 481px) 500px, 100vw\" class=\"wp-image-401\" title=\"Petru and Ines\" \/><\/span><\/div><\/div><\/div><div class=\"et_pb_row_2 et_pb_row et_block_row\"><div class=\"et_pb_column_3 et_pb_column et_pb_column_4_4 et-last-child et_block_column et_pb_css_mix_blend_mode_passthrough\"><div class=\"et_pb_gallery_0 et_pb_gallery et_pb_bg_layout_light et_pb_gallery_grid et_pb_module\" data-auto-rotate=\"off\" data-auto-rotate-speed=\"\"><div class=\"et_pb_gallery_items et_post_gallery clearfix et_grid_module\" data-per_page=\"4\"><div class=\"et_pb_gallery_item et_pb_grid_item et_pb_gallery_item_0_0\"><div class=\"et_pb_gallery_image landscape\" data-per_page=\"4\"><a href=\"https:\/\/musictogethersilvercoast.pt\/wp-content\/uploads\/sites\/12\/2024\/01\/00100lPORTRAIT_00100_BURST20190314161909111_COVER.jpg\" title=\"00100lPORTRAIT_00100_BURST20190314161909111_COVER\"><img loading=\"lazy\" decoding=\"async\" width=\"400\" height=\"284\" src=\"https:\/\/musictogethersilvercoast.pt\/wp-content\/uploads\/sites\/12\/2024\/01\/00100lPORTRAIT_00100_BURST20190314161909111_COVER-400x284.jpg\" alt=\"\" class=\"wp-image-62\" srcset=\"https:\/\/musictogethersilvercoast.pt\/wp-content\/uploads\/sites\/12\/2024\/01\/00100lPORTRAIT_00100_BURST20190314161909111_COVER.jpg 479w, https:\/\/musictogethersilvercoast.pt\/wp-content\/uploads\/sites\/12\/2024\/01\/00100lPORTRAIT_00100_BURST20190314161909111_COVER-400x284.jpg 480w\" sizes=\"(max-width:479px) 479px, 100vw\" \/><span class=\"et_overlay\" data-icon=\"\" data-icon-tablet=\"\" data-icon-phone=\"\"><\/span><\/a><\/div><\/div><div class=\"et_pb_gallery_item et_pb_grid_item et_pb_gallery_item_0_1\"><div class=\"et_pb_gallery_image landscape\" data-per_page=\"4\"><a href=\"https:\/\/musictogethersilvercoast.pt\/wp-content\/uploads\/sites\/12\/2024\/02\/20240202_1338292.jpg\" title=\"20240202_133829~2\"><img loading=\"lazy\" decoding=\"async\" width=\"400\" height=\"284\" src=\"https:\/\/musictogethersilvercoast.pt\/wp-content\/uploads\/sites\/12\/2024\/02\/20240202_1338292-400x284.jpg\" alt=\"\" class=\"wp-image-811\" srcset=\"https:\/\/musictogethersilvercoast.pt\/wp-content\/uploads\/sites\/12\/2024\/02\/20240202_1338292.jpg 479w, https:\/\/musictogethersilvercoast.pt\/wp-content\/uploads\/sites\/12\/2024\/02\/20240202_1338292-400x284.jpg 480w\" sizes=\"(max-width:479px) 479px, 100vw\" \/><span class=\"et_overlay\" data-icon=\"\" data-icon-tablet=\"\" data-icon-phone=\"\"><\/span><\/a><\/div><\/div><div class=\"et_pb_gallery_item et_pb_grid_item et_pb_gallery_item_0_2\"><div class=\"et_pb_gallery_image landscape\" data-per_page=\"4\"><a href=\"https:\/\/musictogethersilvercoast.pt\/wp-content\/uploads\/sites\/12\/2024\/01\/00100lPORTRAIT_00100_BURST20190827162651510_COVER.jpg\" title=\"00100lPORTRAIT_00100_BURST20190827162651510_COVER\"><img loading=\"lazy\" decoding=\"async\" width=\"400\" height=\"284\" src=\"https:\/\/musictogethersilvercoast.pt\/wp-content\/uploads\/sites\/12\/2024\/01\/00100lPORTRAIT_00100_BURST20190827162651510_COVER-400x284.jpg\" alt=\"\" class=\"wp-image-63\" srcset=\"https:\/\/musictogethersilvercoast.pt\/wp-content\/uploads\/sites\/12\/2024\/01\/00100lPORTRAIT_00100_BURST20190827162651510_COVER.jpg 479w, https:\/\/musictogethersilvercoast.pt\/wp-content\/uploads\/sites\/12\/2024\/01\/00100lPORTRAIT_00100_BURST20190827162651510_COVER-400x284.jpg 480w\" sizes=\"(max-width:479px) 479px, 100vw\" \/><span class=\"et_overlay\" data-icon=\"\" data-icon-tablet=\"\" data-icon-phone=\"\"><\/span><\/a><\/div><\/div><div class=\"et_pb_gallery_item et_pb_grid_item et_pb_gallery_item_0_3\"><div class=\"et_pb_gallery_image landscape\" data-per_page=\"4\"><a href=\"https:\/\/musictogethersilvercoast.pt\/wp-content\/uploads\/sites\/12\/2024\/01\/Garden.jpg\" title=\"Garden\"><img loading=\"lazy\" decoding=\"async\" width=\"400\" height=\"284\" src=\"https:\/\/musictogethersilvercoast.pt\/wp-content\/uploads\/sites\/12\/2024\/01\/Garden-400x284.jpg\" alt=\"\" class=\"wp-image-642\" srcset=\"https:\/\/musictogethersilvercoast.pt\/wp-content\/uploads\/sites\/12\/2024\/01\/Garden.jpg 479w, https:\/\/musictogethersilvercoast.pt\/wp-content\/uploads\/sites\/12\/2024\/01\/Garden-400x284.jpg 480w\" sizes=\"(max-width:479px) 479px, 100vw\" \/><span class=\"et_overlay\" data-icon=\"\" data-icon-tablet=\"\" data-icon-phone=\"\"><\/span><\/a><\/div><\/div><\/div><\/div><\/div><\/div><div class=\"et_pb_row_3 et_pb_row et_block_row\"><div class=\"et_pb_column_4 et_pb_column et_pb_column_3_5 et_block_column et_pb_css_mix_blend_mode_passthrough\"><div class=\"et_pb_testimonial_0 et_pb_testimonial et_pb_bg_layout_light et_pb_module et_block_module\"><div class=\"et_pb_testimonial_inner\"><div class=\"et_pb_testimonial_portrait\" style=\"background-image:url(https:\/\/musictogethersilvercoast.pt\/wp-content\/uploads\/sites\/12\/2024\/01\/PXL_20220629_105232815_exported_0_1665178334595.jpg)\"><\/div><div class=\"et_pb_testimonial_description\"><div class=\"et_pb_testimonial_description_inner\"><div class=\"et_pb_testimonial_content\"><p><span>\"I'm so thrilled that you're here! It means that we're going to have the opportunity to get to know each other and embark on a musical adventure with our families. <\/span><\/p>\n<p><span>Music Together has been a real treasure and a highlight for both me and my little ones. I'm confident that you're going to love it too, and I can't wait to share these wonderful experiences with you!\"<\/span><\/p>\n<\/div><\/div><div class=\"et_pb_testimonial_author\">In\u00eas<\/div><div class=\"et_pb_testimonial_meta\"><\/div><\/div><\/div><\/div><\/div><div class=\"et_pb_column_5 et_pb_column et_pb_column_2_5 et-last-child et_block_column et_pb_css_mix_blend_mode_passthrough\"><div class=\"et_pb_image_1 et_pb_image et_pb_module et_block_module\"><span class=\"et_pb_image_wrap\"><img loading=\"lazy\" decoding=\"async\" src=\"https:\/\/musictogethersilvercoast.pt\/wp-content\/uploads\/sites\/12\/2024\/02\/20240204_115058-1-scaled.jpg\" width=\"2560\" height=\"1440\" srcset=\"https:\/\/musictogethersilvercoast.pt\/wp-content\/uploads\/sites\/12\/2024\/02\/20240204_115058-1-scaled.jpg 2560w, https:\/\/musictogethersilvercoast.pt\/wp-content\/uploads\/sites\/12\/2024\/02\/20240204_115058-1-1280x720.jpg 1280w, https:\/\/musictogethersilvercoast.pt\/wp-content\/uploads\/sites\/12\/2024\/02\/20240204_115058-1-980x551.jpg 980w, https:\/\/musictogethersilvercoast.pt\/wp-content\/uploads\/sites\/12\/2024\/02\/20240204_115058-1-480x270.jpg 480w\" sizes=\"(min-width: 0px) and (max-width: 480px) 480px, (min-width: 481px) and (max-width: 980px) 980px, (min-width: 981px) and (max-width: 1280px) 1280px, (min-width: 1281px) 2560px, 100vw\" class=\"wp-image-813\" title=\"20240204_115058 (1)\" \/><\/span><\/div><\/div><\/div><\/div>","protected":false},"excerpt":{"rendered":"","protected":false},"author":2,"featured_media":0,"parent":0,"menu_order":0,"comment_status":"closed","ping_status":"closed","template":"","meta":{"footnotes":""},"class_list":["post-56","page","type-page","status-publish","hentry"],"_links":{"self":[{"href":"https:\/\/musictogethersilvercoast.pt\/pt\/wp-json\/wp\/v2\/pages\/56","targetHints":{"allow":["GET"]}}],"collection":[{"href":"https:\/\/musictogethersilvercoast.pt\/pt\/wp-json\/wp\/v2\/pages"}],"about":[{"href":"https:\/\/musictogethersilvercoast.pt\/pt\/wp-json\/wp\/v2\/types\/page"}],"author":[{"embeddable":true,"href":"https:\/\/musictogethersilvercoast.pt\/pt\/wp-json\/wp\/v2\/users\/2"}],"replies":[{"embeddable":true,"href":"https:\/\/musictogethersilvercoast.pt\/pt\/wp-json\/wp\/v2\/comments?post=56"}],"version-history":[{"count":21,"href":"https:\/\/musictogethersilvercoast.pt\/pt\/wp-json\/wp\/v2\/pages\/56\/revisions"}],"predecessor-version":[{"id":2831,"href":"https:\/\/musictogethersilvercoast.pt\/pt\/wp-json\/wp\/v2\/pages\/56\/revisions\/2831"}],"wp:attachment":[{"href":"https:\/\/musictogethersilvercoast.pt\/pt\/wp-json\/wp\/v2\/media?parent=56"}],"curies":[{"name":"wp","href":"https:\/\/api.w.org\/{rel}","templated":true}]}}

Olá!

<div class="et_pb_section_0 et_pb_section et_section_regular et_block_section"><div class="et_pb_row_0 et_pb_row et_block_row"><div class="et_pb_column_0 et_pb_column et_pb_column_4_4 et-last-child et_block_column et_pb_css_mix_blend_mode_passthrough"><div class="et_pb_post_title_0 et_pb_post_title et_pb_bg_layout_light et_pb_module et_block_module"><div class="et_pb_title_container"><h1 class="entry-title">Olá!</h1></div></div></div></div><div class="et_pb_row_1 et_pb_row et_block_row"><div class="et_pb_column_1 et_pb_column et_pb_column_3_5 et_block_column et_pb_css_mix_blend_mode_passthrough"><div class="et_pb_text_0 et_pb_text et_pb_bg_layout_light et_pb_module et_block_module"><div class="et_pb_text_inner"><p><span>A Music Together Silver Coast oferece às famílias jovens uma pausa semanal preciosa: um programa de música alegre e baseado em investigação, numa tenda sino [or charmosa] acolhedora rodeada pela natureza, onde os pais redescobrem a alegria da música juntamente com os seus filhos, criando memórias duradouras e construindo uma comunidade de apoio.</span></p>
<p>A Inês fundou o nosso centro Music Together depois de participar nas aulas com os próprios filhos, enquanto vivia em Zurique, na Suíça. Eles divertiam-se imenso a cantar e a dançar juntos todas as semanas! As memórias criadas para toda a família permaneceram, e foi claro o benefício para o desenvolvimento das crianças e o fortalecimento dos laços familiares. Após mudar-se para Portugal, decidiu que queria trazer a magia do Music Together para as crianças e famílias daqui também. </p>
<p>Para isso, a Inês fez a Formação de Professores e tornou-se uma Professora Certificada de Music Together, trabalhando com a Music Together® para estabelecer o seu centro licenciado, Music Together® Silver Coast. <span>Music Together® Silver Coast. </span></p>
<p>Petru is the great partner, in life, at home, and in Music Together. While Petru isn't a teacher (yet!), he manages all the infrastructure, confidence, advice, ideas, photographs and so much more!</p>
<p>Our children are the beta testers, the merciless Music Together fans and - who knows - maybe they will be Music Together teachers one day!</p>
<p><span>Music Together® Silver Coast</span>foi lançada na primavera, em março de 2024, oferecendo aulas durante a semana, aulas de manhã e aos fins de semana. </p>
<p>Junte-se a nós para uma sessão e descubra se o nosso programa é o ideal para si e<br />para a sua família!</p>
</div></div></div><div class="et_pb_column_2 et_pb_column et_pb_column_2_5 et-last-child et_block_column et_pb_css_mix_blend_mode_passthrough"><div class="et_pb_image_0 et_pb_image et_pb_module et_block_module"><span class="et_pb_image_wrap"><img loading="lazy" decoding="async" src="https://musictogethersilvercoast.pt/wp-content/uploads/sites/12/2024/01/Petru-and-Ines.jpg" width="500" height="636" srcset="https://musictogethersilvercoast.pt/wp-content/uploads/sites/12/2024/01/Petru-and-Ines.jpg 500w, https://musictogethersilvercoast.pt/wp-content/uploads/sites/12/2024/01/Petru-and-Ines-480x611.jpg 480w" sizes="(min-width: 0px) and (max-width: 480px) 480px, (min-width: 481px) 500px, 100vw" class="wp-image-401" title="Petru and Ines" /></span></div></div></div><div class="et_pb_row_2 et_pb_row et_block_row"><div class="et_pb_column_3 et_pb_column et_pb_column_4_4 et-last-child et_block_column et_pb_css_mix_blend_mode_passthrough"><div class="et_pb_gallery_0 et_pb_gallery et_pb_bg_layout_light et_pb_gallery_grid et_pb_module" data-auto-rotate="off" data-auto-rotate-speed=""><div class="et_pb_gallery_items et_post_gallery clearfix et_grid_module" data-per_page="4"><div class="et_pb_gallery_item et_pb_grid_item et_pb_gallery_item_0_0"><div class="et_pb_gallery_image landscape" data-per_page="4"><a href="https://musictogethersilvercoast.pt/wp-content/uploads/sites/12/2024/01/00100lPORTRAIT_00100_BURST20190314161909111_COVER.jpg" title="00100lPORTRAIT_00100_BURST20190314161909111_COVER"><img loading="lazy" decoding="async" width="400" height="284" src="https://musictogethersilvercoast.pt/wp-content/uploads/sites/12/2024/01/00100lPORTRAIT_00100_BURST20190314161909111_COVER-400x284.jpg" alt="" class="wp-image-62" srcset="https://musictogethersilvercoast.pt/wp-content/uploads/sites/12/2024/01/00100lPORTRAIT_00100_BURST20190314161909111_COVER.jpg 479w, https://musictogethersilvercoast.pt/wp-content/uploads/sites/12/2024/01/00100lPORTRAIT_00100_BURST20190314161909111_COVER-400x284.jpg 480w" sizes="(max-width:479px) 479px, 100vw" /><span class="et_overlay" data-icon="" data-icon-tablet="" data-icon-phone=""></span></a></div></div><div class="et_pb_gallery_item et_pb_grid_item et_pb_gallery_item_0_1"><div class="et_pb_gallery_image landscape" data-per_page="4"><a href="https://musictogethersilvercoast.pt/wp-content/uploads/sites/12/2024/02/20240202_1338292.jpg" title="20240202_133829~2"><img loading="lazy" decoding="async" width="400" height="284" src="https://musictogethersilvercoast.pt/wp-content/uploads/sites/12/2024/02/20240202_1338292-400x284.jpg" alt="" class="wp-image-811" srcset="https://musictogethersilvercoast.pt/wp-content/uploads/sites/12/2024/02/20240202_1338292.jpg 479w, https://musictogethersilvercoast.pt/wp-content/uploads/sites/12/2024/02/20240202_1338292-400x284.jpg 480w" sizes="(max-width:479px) 479px, 100vw" /><span class="et_overlay" data-icon="" data-icon-tablet="" data-icon-phone=""></span></a></div></div><div class="et_pb_gallery_item et_pb_grid_item et_pb_gallery_item_0_2"><div class="et_pb_gallery_image landscape" data-per_page="4"><a href="https://musictogethersilvercoast.pt/wp-content/uploads/sites/12/2024/01/00100lPORTRAIT_00100_BURST20190827162651510_COVER.jpg" title="00100lPORTRAIT_00100_BURST20190827162651510_COVER"><img loading="lazy" decoding="async" width="400" height="284" src="https://musictogethersilvercoast.pt/wp-content/uploads/sites/12/2024/01/00100lPORTRAIT_00100_BURST20190827162651510_COVER-400x284.jpg" alt="" class="wp-image-63" srcset="https://musictogethersilvercoast.pt/wp-content/uploads/sites/12/2024/01/00100lPORTRAIT_00100_BURST20190827162651510_COVER.jpg 479w, https://musictogethersilvercoast.pt/wp-content/uploads/sites/12/2024/01/00100lPORTRAIT_00100_BURST20190827162651510_COVER-400x284.jpg 480w" sizes="(max-width:479px) 479px, 100vw" /><span class="et_overlay" data-icon="" data-icon-tablet="" data-icon-phone=""></span></a></div></div><div class="et_pb_gallery_item et_pb_grid_item et_pb_gallery_item_0_3"><div class="et_pb_gallery_image landscape" data-per_page="4"><a href="https://musictogethersilvercoast.pt/wp-content/uploads/sites/12/2024/01/Garden.jpg" title="Garden"><img loading="lazy" decoding="async" width="400" height="284" src="https://musictogethersilvercoast.pt/wp-content/uploads/sites/12/2024/01/Garden-400x284.jpg" alt="" class="wp-image-642" srcset="https://musictogethersilvercoast.pt/wp-content/uploads/sites/12/2024/01/Garden.jpg 479w, https://musictogethersilvercoast.pt/wp-content/uploads/sites/12/2024/01/Garden-400x284.jpg 480w" sizes="(max-width:479px) 479px, 100vw" /><span class="et_overlay" data-icon="" data-icon-tablet="" data-icon-phone=""></span></a></div></div></div></div></div></div><div class="et_pb_row_3 et_pb_row et_block_row"><div class="et_pb_column_4 et_pb_column et_pb_column_3_5 et_block_column et_pb_css_mix_blend_mode_passthrough"><div class="et_pb_testimonial_0 et_pb_testimonial et_pb_bg_layout_light et_pb_module et_block_module"><div class="et_pb_testimonial_inner"><div class="et_pb_testimonial_portrait" style="background-image:url(https://musictogethersilvercoast.pt/wp-content/uploads/sites/12/2024/01/PXL_20220629_105232815_exported_0_1665178334595.jpg)"></div><div class="et_pb_testimonial_description"><div class="et_pb_testimonial_description_inner"><div class="et_pb_testimonial_content"><p><span>"I'm so thrilled that you're here! It means that we're going to have the opportunity to get to know each other and embark on a musical adventure with our families. </span></p>
<p><span>Music Together has been a real treasure and a highlight for both me and my little ones. I'm confident that you're going to love it too, and I can't wait to share these wonderful experiences with you!"</span></p>
</div></div><div class="et_pb_testimonial_author">Inês</div><div class="et_pb_testimonial_meta"></div></div></div></div></div><div class="et_pb_column_5 et_pb_column et_pb_column_2_5 et-last-child et_block_column et_pb_css_mix_blend_mode_passthrough"><div class="et_pb_image_1 et_pb_image et_pb_module et_block_module"><span class="et_pb_image_wrap"><img loading="lazy" decoding="async" src="https://musictogethersilvercoast.pt/wp-content/uploads/sites/12/2024/02/20240204_115058-1-scaled.jpg" width="2560" height="1440" srcset="https://musictogethersilvercoast.pt/wp-content/uploads/sites/12/2024/02/20240204_115058-1-scaled.jpg 2560w, https://musictogethersilvercoast.pt/wp-content/uploads/sites/12/2024/02/20240204_115058-1-1280x720.jpg 1280w, https://musictogethersilvercoast.pt/wp-content/uploads/sites/12/2024/02/20240204_115058-1-980x551.jpg 980w, https://musictogethersilvercoast.pt/wp-content/uploads/sites/12/2024/02/20240204_115058-1-480x270.jpg 480w" sizes="(min-width: 0px) and (max-width: 480px) 480px, (min-width: 481px) and (max-width: 980px) 980px, (min-width: 981px) and (max-width: 1280px) 1280px, (min-width: 1281px) 2560px, 100vw" class="wp-image-813" title="20240204_115058 (1)" /></span></div></div></div></div>
